 - 11 = -h. What is the remainder when h is divided by 22?
19
Let m = -14 - -18. Calculate the remainder when (-1)/5 + (-1296)/(-30) is divided by m.
3
Calculate the remainder when 7 is divided by 5*8/100 - 66/(-10).
0
Let l(k) = -7*k - 26. Let a be l(-4). Suppose -a*m = 2*d - 40, -3*d = -2*m - 3*m + 84. Calculate the remainder when 65 is divided by m.
11
Let s(b) be the first derivative of -3*b**2/2 + 2*b - 4. Let u be s(-2). Let d = u + -4. Calculate the remainder when 7 is divided by d.
3
Suppose 6*o = 5*g + o - 220, -3*g + 128 = -4*o. What is the remainder when g is divided by 10?
8
Suppose 21 = -4*l + 153. Calculate the remainder when l is divided by (-375)/(-21) + (-9)/(-63).
15
Let h = 0 + 2. Let a = h - 0. Suppose a*d + 65 = 7*d. What is the remainder when 36 is divided by d?
10
Suppose j = 5*u + 590, -10*j - 5*u + 1210 = -8*j. What is the remainder when j is divided by 86?
84
Suppose 0 = 3*i - 47 + 11. What is the remainder when 94 is divided by i?
10
Let c = 32 + -23. Let z(a) = a**3 + 11*a**2 - 2*a - 25. Let g be z(-11). Calculate the remainder when 29 is divided by ((-6)/c)/(g/72).
13
Suppose -2*n = 2*k - 14, -2*k + 2 = 4. Suppose -3*s - n = -80. Calculate the remainder when 56 is divided by s/(-56) + (-216)/(-14).
11
Suppose -8*q + 161 = 25. Let h(p) = p**2 - 17*p + 5. Let m be h(q). Calculate the remainder when 53 is divided by 288/20 + (-2)/m.
11
Let r(z) = -z**3 + 3*z**2 + 2*z + 2. Let g be r(3). Let q = 78 + g. Suppose -98 = -4*n + q. What is the remainder when n is divided by 24?
22
Let b(g) = -41*g + 11. Suppose k + 14 - 11 = 0. What is the remainder when b(k) is divided by 34?
32
What is the remainder when ((-7155)/53)/(1 - 2) is divided by 68?
67
Let p(k) = k - 1. Let g be p(-2). Let x be 24/16*(-8)/g. Suppose -4*t + 19 + 133 = 5*b, -t = x*b - 49. Calculate the remainder when t is divided by 9.
6
Let s = 5 - -56. Let h = 44 + -28. Suppose 32 = 2*v - 3*a, -a = -2*v + 3*v - h. What is the remainder when s is divided by v?
13
Let t = -9 + -75. Calculate the remainder when 54 is divided by (-1)/(-2)*t/(-3).
12
Suppose -w = -5, -l = -4*w + 18 - 1. Let m(o) = 9*o. What is the remainder when m(l) is divided by 6?
3
Let y be 1 + -3 + 1 + 0. Calculate the remainder when (-833)/(-21) - y/3 is divided by 14.
12
Let h(f) = f**2 + 36*f + 253. Let d = -1 + 3. What is the remainder when h(-27) is divided by d?
0
Suppose -4*c + 3*c + 28 = i, 5*c + i = 136. Suppose -2*j - 130 = -344. Calculate the remainder when j is divided by c.
26
Calculate the remainder when 8/6*((-26298)/24)/(-3) is divided by 61.
60
Let u be 59/(-2*3/30). What is the remainder when (-6)/14 - u/35 is divided by (-18)/(-4) - 4/(-8)?
3
Suppose 2*t - 6*t + 4 = 0. Suppose -k + g = -6, 5*k = g + 12 - 2. What is the remainder when t is divided by k?
0
Let v(z) = -3*z - 41. Calculate the remainder when 244 is divided by v(-18).
10
Let s(h) = 4 - 2*h + 4*h + 4*h - h**2. Let q be (-1)/5 - 124/(-20). Calculate the remainder when 13 is divided by s(q).
1
Suppose -2*g + 25 = -55. What is the remainder when g is divided by 9?
4
Let t be 2/(-16) - (-12)/96. Calculate the remainder when (t - 1)*-83 + (14 - 14) is divided by 6.
5
Let l(u) = 107*u - 57. Calculate the remainder when l(8) is divided by 89.
87
Suppose 0 = h + 3, 2*m - 125 = -0*m + 5*h. Calculate the remainder when m is divided by 33.
22
Suppose -3*i + 2*o = 17, -3*i - 36 = -4*o - 11. What is the remainder when 45 is divided by 2 + 13 + i*1?
9
Let p(z) = z**2 - 3*z + 2. Let u be p(5). Let x = 19 - -147. Calculate the remainder when x/3*u/8 is divided by 21.
20
Let c(u) = u**3 - 5*u**2 - 5*u + 1. Let m be c(6). Suppose 108 = 16*s - m*s. What is the remainder when 117 is divided by s?
9
Suppose 53*r - 242 = 765. Calculate the remainder when 330 is divided by r.
7
Let p(y) = -8. Let z(u) = u + 1. Let k(t) = p(t) + 2*z(t). Let x be k(8). Let a = x + 12. What is the remainder when 64 is divided by a?
20
Suppose 0 = 27*r + 305 - 6299. What is the remainder when r is divided by 28?
26
What is the remainder when 348/10 + 0 + 3/15 is divided by (1*19)/(0 - (8 - 9))?
16
Suppose a = -31 + 58. Let g = a + -13. What is the remainder when 27 is divided by g?
13
Let z = -128 - -191. What is the remainder when z is divided by 35?
28
Suppose 66*y = 62*y + 176. Suppose -2*p + y = -2*n, 3*n + 4 = -8. What is the remainder when 51 is divided by p?
15
Suppose 2*l - 79 = 3*x + 35, 5*l - 285 = 5*x. Calculate the remainder when l is divided by 2/(-21) + (-12238)/(-609).
17
Suppose -2*o + 3*t - 33 = 0, 0 = -t + 5*t - 20. Let a(b) = b**2 - 7*b + 2. Let n be a(6). Let u = n - o. What is the remainder when 13 is divided by u?
3
Let p = 793 + -773. Calculate the remainder when 32 is divided by p.
12
Let m = 458 - 218. Suppose -3*l - 75 = -m. Suppose -4*v = 2*s - 66, -4*s = 2*v + s - 13. What is the remainder when l is divided by v?
17
Let s(o) = 2*o - 1. Let m(z) = -5*z + 45. Let j(i) = m(i) - 3*s(i). What is the remainder when j(-5) is divided by 27?
22
Let u(i) = 2*i**2 + 89*i - 189. Calculate the remainder when 97 is divided by u(-47).
5
Let t(p) = 24*p**2 - 38*p + 39. Calculate the remainder when t(1) is divided by 11.
3
Let z(u) = -u**3 - 11*u**2 - 18*u - 1. Let b be z(-9). What is the remainder when 90 is divided by (-2)/4*(-47 - b)?
21
Calculate the remainder when (234/15)/(3 + (-81)/30) is divided by 20.
12
Let p(l) = -l**2 - 9*l + 24. Let t = -9 + 8. What is the remainder when p(-7) is divided by (-3 - t)/(6/(-39))?
12
Let z = -25 - -86. Calculate the remainder when 194 is divided by z.
11
Suppose 2*k + 5*m = 13, m + 10 = 2*k + 3*m. Suppose -z + 18 = -3*w, k*z - 30 = -z + 3*w. What is the remainder when (4 + -1)/(6/8) is divided by z?
1
Let f be -21 + -4 + 7/1. Let m = f - -20. Calculate the remainder when 4 is divided by m.
0
Suppose 3*q - b - 12 = 0, 8*q - 4*q - 2*b - 16 = 0. What is the remainder when 10 is divided by q?
2
Suppose -607 = -6*i + 305. Suppose 2*y + 6*y - i = 0. What is the remainder when 50 is divided by y?
12
Suppose 16 = 4*p - 4*d - 0*d, p - 8 = 3*d. Let m be (-200)/(-14) - p/7. Let v = 97 - m. Calculate the remainder when v is divided by 17.
15
Let a = -52 - -56. Let w(l) = -l**2 + 6*l - 6. Calculate the remainder when 2 is divided by w(a).
0
Suppose 2*m - 2 = 14. Suppose d = -5*h + 143, -h - 3*d - 1 = -24. Calculate the remainder when h is divided by m.
5
Let m = -149 + 154. Calculate the remainder when m is divided by 3.
2
Suppose -24*q + 27*q - 12 = 0. Suppose -q*g + 9 = s, -3*g + 36 = 4*s - 0*g. What is the remainder when 12 is divided by s?
3
Suppose 12 = 4*x - 0*x. Suppose -x*m = -3 - 6. Suppose -o + m = -1. Calculate the remainder when 4 is divided by o.
0
Let k(o) = -o**3 - 16*o**2 - 16*o + 9. Calculate the remainder when 0 + (-3)/9*-177 is divided by k(-15).
11
Suppose -h = 3*f + 10 - 41, -25 = -5*f + 5*h. Suppose i - 1 = 3*i - g, 5*i + 10 = -5*g. What is the remainder when 2/i*1*-7 is divided by f?
5
Suppose 2 - 7 = -z. Suppose -2*d = -z*m + 94, 0*m - 4*m + 218 = -5*d. Calculate the remainder when 24 is divided by d/(-24)*8/2.
3
Let i = 110 + -53. Suppose 0 = 2*s - i + 3. What is the remainder when s is divided by 20?
7
Suppose -4*x = -4*s - 644, -3*s - 313 = -2*x - 4*s. Calculate the remainder when x is divided by 16.
14
Let u(p) = -p**3 - 2*p**2 + 3*p. Let i be (1 - 1/(-1)) + -5. Let l be u(i). Calculate the remainder when 8*5 - (-4 - l) is divided by 15.
14
Let c be ((-32)/(-5))/(((-6)/(-5))/3). Calculate the remainder when 146 is divided by 187/9 + (c/(-18))/(-4).
20
Suppose 1940 - 43 = t. What is the remainder when t is divided by 73?
72
Suppose -568 = -4*z - 4*v, -z = -3*z - 4*v + 278. Let o = z + -4. What is the remainder when o is divided by 36?
33
Let t be (-52)/(-5) + 4/(-10). Let k(n) = 4 + t*n - 3*n - 1 + 0. Calculate the remainder when k(10) is divided by 19.
16
Let a(l) = l + 2 + 7*l**2 + 0 + 5*l - 3. Calculate the remainder when a(-4) is divided by 18.
15
Let k = 82 - 68. What is the remainder when 54 is divided by k?
12
Let a be 6/(-8) + (-240)/(-64). Suppose 0*z + 3*y + 87 = a*z, y = 5*z - 129. Suppose 0*o - 4*o + 56 = 0. Calculate the remainder when z is divided by o.
11
Suppose -4*m + 227 = -13. Let f = 243 - 212. What is the remainder when m is divided by f?
29
Let c = -153 + 201. What 